 329076291 and 15867?
5289
Calculate the greatest common divisor of 45816 and 961638.
498
Calculate the greatest common factor of 5880 and 209560260.
2940
Calculate the highest common factor of 323 and 75677.
19
What is the highest common factor of 17361 and 42417?
27
Calculate the highest common factor of 6125 and 7756.
7
What is the highest common divisor of 135255 and 462915?
1905
What is the greatest common divisor of 192959 and 1339?
13
Calculate the highest common divisor of 582270 and 3420.
30
What is the greatest common divisor of 98441 and 49392?
343
What is the highest common factor of 216 and 8072406?
54
Calculate the highest common divisor of 18881243 and 707.
101
What is the greatest common divisor of 55108 and 1086586?
1198
Calculate the highest common factor of 9688686 and 56.
14
What is the greatest common divisor of 182 and 817642?
14
Calculate the greatest common factor of 119250 and 11556000.
2250
Calculate the greatest common divisor of 20 and 6665.
5
Calculate the greatest common factor of 5678 and 25247227.
2839
What is the greatest common divisor of 144 and 6501960?
72
What is the greatest common divisor of 27022 and 77402?
458
Calculate the highest common factor of 2312761 and 298496.
583
What is the highest common factor of 2333136 and 51?
3
Calculate the greatest common divisor of 6 and 1190038.
2
What is the greatest common divisor of 17053680 and 70?
70
Calculate the greatest common divisor of 16682855 and 19.
19
Calculate the highest common factor of 6498792 and 4.
4
Calculate the highest common divisor of 415 and 92650991.
83
What is the highest common factor of 3898924 and 88056?
4892
Calculate the greatest common factor of 145 and 3560105.
5
What is the greatest common factor of 11795968 and 68?
4
What is the greatest common factor of 291033 and 189621?
81
What is the greatest common factor of 117 and 14756625?
117
Calculate the greatest common factor of 2368 and 244355992.
296
Calculate the greatest common divisor of 215406 and 1302.
6
What is the highest common factor of 1790908 and 8183?
1169
Calculate the highest common divisor of 128 and 85786816.
64
Calculate the greatest common divisor of 18656 and 87232.
32
What is the greatest common divisor of 13963313 and 273?
91
What is the highest common factor of 92019 and 174919?
829
Calculate the greatest common factor of 17 and 294281441.
17
Calculate the greatest common factor of 392 and 698474.
14
Calculate the greatest common divisor of 309360 and 110304.
48
Calculate the highest common factor of 133081375 and 4375.
875
What is the highest common divisor of 6912 and 783168?
192
What is the highest common factor of 400538 and 47296?
1478
What is the highest common divisor of 7 and 1370646?
1
Calculate the highest common divisor of 3208 and 57416.
8
Calculate the highest common factor of 511848 and 72.
72
What is the greatest common divisor of 64 and 226466608?
16
Calculate the greatest common divisor of 374216 and 4936.
8
What is the greatest common factor of 890 and 4669296?
178
What is the highest common factor of 1 and 74036686?
1
What is the highest common factor of 88131130 and 670?
670
Calculate the highest common factor of 8521711 and 3619.
517
Calculate the greatest common divisor of 83475 and 75866.
7
What is the highest common factor of 158557 and 6013?
7
Calculate the highest common factor of 135584454 and 696.
174
Calculate the highest common factor of 142732 and 19244.
68
Calculate the greatest common factor of 1771 and 13608.
7
Calculate the highest common factor of 2286 and 236420914.
254
Calculate the greatest common divisor of 1712 and 93888.
16
What is the greatest common divisor of 540082 and 2666?
62
What is the greatest common factor of 18308392 and 108?
4
Calculate the greatest common divisor of 42904 and 1006860.
692
What is the greatest common factor of 4764272 and 5840?
1168
What is the greatest common divisor of 18225 and 339?
3
Calculate the highest common divisor of 110 and 37565760.
10
Calculate the greatest common divisor of 54702 and 3162.
6
Calculate the greatest common divisor of 36 and 209799.
9
What is the greatest common divisor of 208590273 and 657?
657
Calculate the greatest common divisor of 4128774 and 6.
6
Calculate the highest common divisor of 3196 and 4759796.
68
What is the greatest common factor of 5304 and 48395464?
1768
What is the highest common factor of 18887 and 4571776?
187
Calculate the greatest common divisor of 85 and 6440280.
85
What is the highest common divisor of 21131330 and 506?
22
What is the greatest common divisor of 6696 and 13672?
8
What is the greatest common factor of 68263 and 125935?
89
Calculate the highest common factor of 117 and 582673.
13
Calculate the highest common divisor of 107 and 12326507.
107
What is the greatest common divisor of 8406262 and 2284?
1142
What is the greatest common divisor of 21649 and 4250?
1
Calculate the highest common divisor of 76198166 and 19338.
6446
What is the highest common divisor of 209 and 73553161?
209
What is the highest common divisor of 7312778 and 88?
22
What is the greatest common divisor of 369 and 29325291?
123
Calculate the greatest common divisor of 1316258100 and 1350.
1350
What is the highest common divisor of 153504268 and 296?
148
What is the highest common divisor of 88 and 2589851?
11
Calculate the highest common factor of 61 and 229848.
61
Calculate the greatest common divisor of 9282102 and 33027.
303
What is the greatest common factor of 39810354 and 2473?
2473
What is the greatest common factor of 1539 and 32359356?
171
What is the greatest common factor of 4095 and 7959315?
1365
What is the greatest common divisor of 37466908 and 828?
92
What is the greatest common factor of 35 and 26109335?
35
What is the highest common factor of 2313 and 235889249?
257
Calculate the greatest common divisor of 2122325 and 23575.
575
What is the highest common factor of 35671627 and 3884?
971
Calculate the highest common factor of 8721258 and 1092.
546
Calculate the highest common divisor of 17050704 and 3696.
528
Calculate the highest common factor of 228 and 2035590.
6
What is the greatest common factor of 34784643 and 526?
263
What is the highest common factor of 1826295 and 32155?
545
What is the greatest common factor of 477 and 14658051?
159
What is the greatest common factor of 39545142 and 13936?
1742
Calculate the greatest common divisor of 7930 and 1045540.
610
What is the highest common divisor of 244658038 and 46?
46
Calculate the greatest common factor of 6560 and 872562.
82
What is the greatest common factor of 532620 and 139342?
538
Calculate the highest common factor of 5869689 and 5922.
987
Calculate the highest common factor of 3058860 and 385.
35
What is the highest common factor of 45504 and 2339424?
288
Calculate the highest common factor of 40299410 and 5350.
1070
Calculate the highest common divisor of 215 and 1652970.
5
What is the greatest common divisor of 12954 and 1895466?
102
Calculate the greatest common divisor of 215908 and 8008.
308
What is the greatest common divisor of 74436 and 35772?
12
Calculate the highest common factor of 84 and 1121036.
28
Calculate the greatest common factor of 393064789 and 5509.
787
Calculate the greatest common divisor of 231856 and 514599.
337
What is the greatest common divisor of 21 and 977420451?
21
What is the highest common divisor of 108 and 1586619?
9
What is the highest common factor of 502 and 29122526?
502
Calculate the greatest common factor of 42 and 19224426.
6
What is the highest common divisor of 3004 and 821031501?
751
What is the greatest common factor of 544536 and 6372?
108
Calculate the greatest common divisor of 11375 and 16952000.
1625
What is the greatest common factor of 97820 and 540419?
73
Calculate the greatest common divisor of 1783739 and 89693.
349
What is the greatest common divisor of 936871 and 3458?
247
Calculate the highest common divisor of 845547 and 3.
3
Calculate the highest common divisor of 1643655 and 975.
195
Calculate the greatest common factor of 10734804 and 27.
9
What is the highest common factor of 24618 and 3740817?
1119
What is the highest common factor of 13892 and 6135848?
92
Calculate the highest common divisor of 632 and 47918